= 3*i. Calculate the remainder when 25 is divided by i.
12
Suppose 5*c + 2*v - 77 = 21, v = -5*c + 94. What is the remainder when c - (0 - 0/(-3)) is divided by 10?
8
Let h = 17 + -13. Calculate the remainder when 14 is divided by h.
2
Let q(o) = -9*o - 4. Suppose -4*h + 2*h = 3*i - 27, 46 = 4*h - 2*i. Calculate the remainder when q(-3) is divided by h.
11
Let i(n) = -4*n - 8. Let a(o) = -4*o + 2. Let u be a(2). Let j be i(u). Suppose l = j - 7. Calculate the remainder when 26 is divided by l.
8
Let q(k) = -k - 2. Suppose 18 = 2*s - 0. Calculate the remainder when s is divided by q(-7).
4
Let p(r) = 6*r + 4. Let q = 40 + -25. What is the remainder when p(4) is divided by q?
13
Suppose c = 5*s - 553, 4*s + 3*c = 144 + 306. Calculate the remainder when s is divided by 16.
15
Let b(l) = 2*l**2 + 3*l - 7. Let q be b(-5). Let c = q - 2. Calculate the remainder when c is divided by 9.
8
Let y(m) = -m**2 - 12*m - 12. Calculate the remainder when 68 is divided by y(-7).
22
Suppose -3*w + 0*w + 33 = 0. What is the remainder when 49 is divided by w?
5
Let m be (-1)/3*-3*5. Suppose 3*l - 8*l + m = 0. Calculate the remainder when 1 is divided by l.
0
Suppose -9 = -2*m + 3. Suppose 72 = 5*n - 4*k + 29, m = 2*k. Calculate the remainder when 19 is divided by n.
8
Let y = 1 - -7. Calculate the remainder when 4/y + 14/4 is divided by 2.
0
Suppose 0 = c - 2 - 0. Suppose -c*y = 3*a - 40, y - 13 - 25 = -3*a. Calculate the remainder when 22 is divided by a.
10
Let a be (-1 + 0)*(0 + -5). Suppose 3*h = -a*n + 50, 2*h - h + 3*n - 18 = 0. What is the remainder when 57 is divided by h?
12
Let h(j) = j**2 - j + 11. What is the remainder when 20 is divided by h(0)?
9
Let o = -50 - -90. Calculate the remainder when 119 is divided by o.
39
Suppose -2*y + 27 = -y. Let z = -3 + y. Suppose 0 = 4*m - 3*f - 48, -2*m + 0*m + 2*f = -z. Calculate the remainder when 34 is divided by m.
10
Let s(u) = -1 + 14 - 8*u + 6*u. Let d(c) = c. Let f(t) = 3*d(t) + s(t). Calculate the remainder when 5 is divided by f(-10).
2
Suppose -68 = -3*r + 2*b + 111, r - 2*b - 57 = 0. Calculate the remainder when r is divided by 31.
30
Let p be ((-6)/4)/(3/24). What is the remainder when 50 is divided by (2 + 0 - p) + -1?
11
Let t = -1 - -6. Let n(s) = -4*s - 6. What is the remainder when n(-6) is divided by t?
3
Let a(c) = c**2 + c - 5. Calculate the remainder when 19*(-1 + (1 - -3)) is divided by a(-5).
12
Let u(g) = g**2 - g + 1. Let h(c) = -6*c**2 + 18*c + 3. Let v(d) = h(d) + 5*u(d). What is the remainder when v(11) is divided by 16?
14
Let s(n) be the third derivative of n**5/60 + n**4/24 + n**3/3 - 5*n**2. Suppose 2*w = -0*w + 14. What is the remainder when w is divided by s(-2)?
3
Let h = 2 + 10. Let m = 1 + h. What is the remainder when m is divided by 5?
3
Suppose -5*i = -5*x - 65, 36*i = 32*i + x + 55. Let a = -94 - -177. Calculate the remainder when a is divided by i.
13
Calculate the remainder when 55 is divided by (-8 + 7)*(-16 + 2).
13
Let b be 4/(-8)*(-11 + -1). Calculate the remainder when 31 is divided by (66/12)/(3/b).
9
Calculate the remainder when (-4)/3*(-24 + -15) is divided by 9.
7
Let q(f) = -f**3 + 12*f**2 + f + 14. What is the remainder when q(12) is divided by 15?
11
Suppose -13*j + 211 = -387. What is the remainder when j is divided by 12?
10
Suppose 2*x = 5*z - 194, 2*z - 74 = x + x. Suppose -48 = -2*j - j - 2*m, -2*j + 16 = -4*m. Calculate the remainder when z is divided by j.
12
Suppose 43 = 5*c - 3*s, 2*c + 3*c = -5*s + 75. What is the remainder when 21 is divided by c?
10
Let t(n) = n**2 - 5*n + 2. Suppose 4*p - 24 + 4 = 0. Let f(k) = k + 2. What is the remainder when t(p) is divided by f(0)?
0
Suppose -i = -5*z + 38 + 22, 2*z + 3*i - 41 = 0. Let k = -5 + z. Suppose m - 5*m = u - 59, -62 = -4*m - 2*u. What is the remainder when m is divided by k?
6
Let l be -4 - -1 - (-4 + 3). What is the remainder when (l - 1)*(-22)/3 is divided by 8?
6
What is the remainder when 14 is divided by ((-8)/(0 - -4))/(1/(-2))?
2
Suppose 2*s + 3*s + 2*q = -7, 29 = -3*s + 5*q. Calculate the remainder when -1 - 10/(-1*1) is divided by (s - -6)*5/3.
4
Calculate the remainder when 52 - (-4 - (-4 + 1)) is divided by 11.
9
Suppose -2*a - 2*u = u - 217, 4*a + 3*u - 419 = 0. Calculate the remainder when a is divided by 17.
16
Suppose 0 = -2*u + 19 + 3. Suppose -3*a = -a - 20. Calculate the remainder when (16/a)/(-2)*-40 is divided by u.
10
Let g(b) = -3*b - 2. Let o be g(-2). Suppose 0 = l + 3*p - 46, 5*p = o*p + 3. What is the remainder when l is divided by 10?
7
Let j(u) = u**3 + 2*u - 3. Let y be j(2). Suppose -4*n + 4 + 0 = 0. Calculate the remainder when 53 is divided by 6/y*n*27.
17
Let m = -29 + 21. Let a be 2*(-6)/m*2. Suppose 2*h = 1 + a. What is the remainder when 4 is divided by h?
0
Let k be 1 + (-7)/(7/(-8)). Let c(t) = t**3 - 8*t**2 - 8*t + 4. What is the remainder when 24 is divided by c(k)?
11
Suppose -444 = d - 7*d. Suppose w = 3*w - d. Calculate the remainder when w is divided by 13.
11
Calculate the remainder when (20 + 0)*1/(-5)*-4 is divided by 15.
1
Suppose 0 = 2*f - i - 56, -i = 5*f - 3*i - 139. Suppose -3*g = -g - 4. Let d = g + 12. Calculate the remainder when f is divided by d.
13
Suppose -n + 426 = 5*n. What is the remainder when n is divided by 18?
17
Let v be (-2)/(-5) - (-965)/25. Suppose p = -2*w - 3*w + 117, -v = -w + 5*p. Calculate the remainder when w is divided by 13.
11
Suppose -80 = -2*q + 3*x, 4*q - 3*x = -0*q + 172. What is the remainder when q is divided by 12?
10
Suppose -x + 52 - 16 = 0. What is the remainder when x is divided by 0/(-2) - (-11 + 14) - -16?
10
Let y be 62/22 - (-2)/11. Suppose -y*h = -0*h - 15. Calculate the remainder when 14 is divided by h.
4
Let t(f) = f**2 - 2*f + 3. Let n be t(2). Suppose 4*v = 3*y + 115, 4*v + n*y = 32 + 53. Calculate the remainder when v is divided by 9.
7
Calculate the remainder when (4 - -2)*3/2 is divided by 5.
4
What is the remainder when (6 - 3)/3*9 is divided by 4?
1
Let u = -15 + 20. What is the remainder when 13 is divided by u?
3
Suppose 22 = 3*k - 14. Calculate the remainder when 42 + ((-48)/(-4))/3 is divided by k.
10
Let w = 1 + 2. Suppose 7 + 2 = w*b. Calculate the remainder when 7 is divided by b.
1
Let d = 8 - 9. Let h(t) = -56*t**3 + 2*t**2 + 2*t + 1. What is the remainder when h(d) is divided by 15?
12
Suppose -4 = -4*k + 4. Suppose k*f - 5*f - 171 = 0. Calculate the remainder when 2/(-2 + f/(-27)) is divided by 10.
8
Let u = -12 + 17. Calculate the remainder when 18 is divided by u.
3
Let u = 195 + -116. What is the remainder when u is divided by 22?
13
Let z = 33 - 56. What is the remainder when -1 - (-2 + 3) - z is divided by 11?
10
Let r be 1*(-1)/(-1) - -2. Let x(z) = -z**3 - 10*z**2 + 9*z + 6. Let a be x(-11). Suppose a = 5*y - r*y. Calculate the remainder when 26 is divided by y.
12
Suppose 0 = -3*o - 21 + 114. Calculate the remainder when o is divided by 11.
9
Let k(p) = p**3 + 10*p**2 + p - 22. What is the remainder when 147 is divided by k(-9)?
47
Suppose 4*u + 6*c - 337 = 3*c, u - 81 = -4*c. Calculate the remainder when u is divided by 22.
19
Let n = 32 - 13. Let r(m) = m**3 + 5*m**2 + m - 4. Let v be r(-4). Suppose -3*x = -7 - v, -2*f + 4 = -2*x. Calculate the remainder when n is divided by f.
5
Suppose 3*k + l - 65 = 0, 5*k + l = 3 + 104. Suppose k = -3*b + 57. Calculate the remainder when 67/2 + 2/4 is divided by b.
10
Suppose 0 = -4*b + 126 + 122. Calculate the remainder when b is divided by 17.
11
Let t = -11 - -29. What is the remainder when 34 is divided by t?
16
Let a(w) = 8*w. Let h(i) = -12*i. Let c(s) = 7*a(s) + 5*h(s). Let t be c(-5). Calculate the remainder when (t/25)/(2/5) is divided by 1.
0
Suppose -6 = -6*o + 5*o. Suppose 2*b = o, 2*m + 5*b + 73 = 6*m. What is the remainder when 85 is divided by m?
19
Suppose k - 2*m = 8, 3*k + k = m + 39. Calculate the remainder when 58 is divided by k.
8
What is the remainder when (-1181)/(-7) + (-16)/(-56) is divided by 35?
29
Let q = -181 - -21. What is the remainder when 70 is divided by 2/9 + q/(-9)?
16
Let r(o) = o**2 - 2*o + 7. Calculate the remainder when r(6) is divided by 17.
14
Let g = -6 - -8. What is the remainder when 4 is divided by g?
0
Let v(t) = t - 6. Let o be v(7). Let x be -2 + o + (2 - 6). Let q(l) = -l**3 - 3*l**